4531
List the prime factors of 121907742.
2, 3, 11, 167917
List the prime factors of 375369563.
6397, 58679
What are the prime factors of 830625624?
2, 3, 3845489
What are the prime factors of 3794991795?
3, 5, 7, 283, 42571
What are the prime factors of 445833927?
3, 7, 11, 211, 3049
What are the prime factors of 478840611?
3, 23, 197, 35227
List the prime factors of 1147632119.
83, 241, 57373
What are the prime factors of 110937173?
110937173
List the prime factors of 796695609.
3, 265565203
List the prime factors of 4402826641.
787, 5594443
What are the prime factors of 72807032?
2, 79, 115201
List the prime factors of 1325853007.
887, 929, 1609
List the prime factors of 184842170.
2, 5, 1549, 11933
What are the prime factors of 1351163915?
5, 457, 591319
What are the prime factors of 31876852?
2, 7, 103, 1579
List the prime factors of 92296493.
23, 241, 16651
What are the prime factors of 1213006564?
2, 7, 11, 31, 18149
List the prime factors of 672811491.
3, 11, 311, 65557
What are the prime factors of 81153856?
2, 7, 79, 2293
What are the prime factors of 3802580128?
2, 17, 43, 149, 1091
List the prime factors of 659632721.
11, 179, 335009
List the prime factors of 3635203871.
13, 31, 83, 191, 569
What are the prime factors of 70756607?
29, 571, 4273
List the prime factors of 3698807044.
2, 103, 8977687
What are the prime factors of 1804957118?
2, 902478559
What are the prime factors of 614246361?
3, 29, 37, 173, 1103
What are the prime factors of 870137259?
3, 269, 311, 3467
What are the prime factors of 208955410?
2, 5, 167, 211, 593
What are the prime factors of 415716405?
3, 5, 13, 173, 12323
What are the prime factors of 885493093?
17, 52087829
What are the prime factors of 7488250299?
3, 6197, 134263
List the prime factors of 1153666946.
2, 113, 563, 9067
List the prime factors of 64284101.
7, 1493, 6151
List the prime factors of 44974195.
5, 7, 1284977
What are the prime factors of 45624777?
3, 11, 31, 103, 433
List the prime factors of 55895953.
4357, 12829
List the prime factors of 160117557.
3, 2963, 18013
List the prime factors of 125309166.
2, 3, 20884861
What are the prime factors of 189780014?
2, 94890007
List the prime factors of 114529760.
2, 5, 715811
What are the prime factors of 380515998?
2, 3, 17, 41, 90989
What are the prime factors of 193283495?
5, 43, 857, 1049
What are the prime factors of 110289529?
7, 15755647
List the prime factors of 141734302.
2, 70867151
List the prime factors of 918139467.
3, 7, 43720927
What are the prime factors of 136723818?
2, 3, 7, 11, 67, 631
What are the prime factors of 416550592?
2, 17, 97, 3947
List the prime factors of 128816489.
128816489
List the prime factors of 73976114.
2, 263, 140639
List the prime factors of 5179146189.
3, 7, 163, 216149
What are the prime factors of 32687864?
2, 11, 371453
List the prime factors of 2654041819.
11, 13, 17, 1091749
List the prime factors of 33504810.
2, 3, 5, 73, 15299
What are the prime factors of 1028205393?
3, 109, 3144359
List the prime factors of 314692648.
2, 5801, 6781
What are the prime factors of 440187607?
29, 1109, 13687
List the prime factors of 1021326604.
2, 255331651
What are the prime factors of 50588730?
2, 3, 5, 23, 24439
What are the prime factors of 14316311?
14316311
List the prime factors of 92125883.
92125883
List the prime factors of 12437822.
2, 1021, 6091
List the prime factors of 4821321318.
2, 3, 11, 23, 3176101
List the prime factors of 79787522.
2, 163, 244747
List the prime factors of 37533316.
2, 9383329
What are the prime factors of 1304997450?
2, 3, 5, 113, 76991
What are the prime factors of 1858430668?
2, 464607667
List the prime factors of 578842402.
2, 289421201
List the prime factors of 977738161.
29, 33715109
What are the prime factors of 99025034?
2, 17, 2912501
List the prime factors of 1117052093.
41, 379, 71887
What are the prime factors of 132519738?
2, 3, 13, 1698971
What are the prime factors of 121119177?
3, 40373059
List the prime factors of 589033870.
2, 5, 58903387
List the prime factors of 18841942.
2, 7, 167, 8059
What are the prime factors of 53264117?
53264117
List the prime factors of 146866520.
2, 5, 3671663
What are the prime factors of 25171423?
25171423
List the prime factors of 318692830.
2, 5, 23, 1385621
What are the prime factors of 271942795?
5, 17, 3199327
What are the prime factors of 300252264?
2, 3, 13, 683, 1409
What are the prime factors of 105378384?
2, 3, 2195383
What are the prime factors of 312736652?
2, 78184163
List the prime factors of 59353663.
19, 281, 11117
What are the prime factors of 12300475?
5, 11, 44729
List the prime factors of 67984292.
2, 17, 999769
List the prime factors of 1018570908.
2, 3, 84880909
What are the prime factors of 3316235694?
2, 3, 337, 1640077
List the prime factors of 476472358.
2, 89, 2676811
List the prime factors of 2609652801.
3, 7, 124269181
List the prime factors of 58041107.
2861, 20287
List the prime factors of 466014755.
5, 93202951
List the prime factors of 734563087.
929, 790703
What are the prime factors of 248997541?
13, 19153657
List the prime factors of 108243602.
2, 29, 1866269
What are the prime factors of 27242673?
3, 277, 32783
What are the prime factors of 1650992370?
2, 3, 5, 55033079
List the prime factors of 331978602.
2, 3, 19, 29, 100417
List the prime factors of 36026201.
683, 52747
What are the prime factors of 39547261?
13, 1531, 1987
List the prime factors of 236889187.
236889187
What are the prime factors of 2084410729?
5119, 407191
List the prime factors of 81412101.
3, 41, 251, 293
List the prime factors of 1176480330.
2, 3, 5, 39216011
List the prime factors of 222029817.
3, 149, 496711
List the prime factors of 243328538.
2, 121664269
List the prime factors of 2815415.
5, 263, 2141
What are the prime factors of 647590030?
2, 5, 61, 1061623
What are the prime factors of 4124917352?
2, 515614669
List the prime factors of 557306925.
3, 5, 7, 53, 20029
List the prime factors of 309014042.
2, 154507021
List the prime factors of 74184461.
13, 5706497
List the prime factors of 124380509.
11, 11307319
List the prime factors of 66799107.
3, 23, 263, 409
List the prime factors of 204487738.
2, 7, 13, 61, 113, 163
List the prime factors of 236882691.
3, 113, 77641
List the prime factors of 292819540.
2, 5, 13, 41, 2113
What are the prime factors of 279270486?
2, 3, 11, 1410457
List the prime factors of 1556702292.
2, 3, 1433, 90527
What are the prime factors of 57804921?
3, 647, 1103
List the prime factors of 32723483.
13, 167, 15073
List the prime factors of 2478113197.
7, 673, 526027
What are the prime factors of 18777270?
2, 3, 5, 625909
List the prime factors of 119108992.
2, 157, 5927
What are the prime factors of 24170441?
24170441
List the prime factors of 13997930.
2, 5, 1399793
List the prime factors of 612221979.
3, 204073993
List the prime factors of 402851214.
2, 3, 22380623
List the prime factors of 262776314.
2, 131388157
List the prime factors of 640009929.
3, 13, 67, 83, 227
List the prime factors of 1245315908.
2, 6113, 50929
List the prime factors of 2742154.
2, 83, 16519
What are the prime factors of 105656873?
7, 3023, 4993
List the prime factors of 10325710.
2, 5, 1032571
What are the prime factors of 26397584?
2, 677, 2437
List the prime factors of 361819442.
2, 47, 3849143
List the prime factors of 575278892.
2, 109, 137, 9631
What are the prime factors of 1212642642?
2, 3, 202107107
List the prime factors of 1751121374.
2, 4021, 217747
What are the prime factors of 111945514?
2, 55972757
What are the prime factors of 853839371?
7, 11, 11088823
What are the prime factors of 41240506?
2, 41, 379, 1327
List the prime factors of 2236159532.
2, 17, 89, 369491
List the prime factors of 901925298.
2, 3, 41, 127, 9623
What are the prime factors of 28368855?
3, 5, 149, 4231
What are the prime factors of 279207106?
2, 37, 331, 11399
What are the prime factors of 198839188?
2, 251, 198047
What are the prime factors of 34871136?
2, 3, 449, 809
What are the prime factors of 596286192?
2, 3, 73, 167, 1019
List the prime factors of 7977221.
7, 67, 73, 233
What are the prime factors of 11369851?
61, 186391
What are the prime factors of 1189375075?
5, 7, 6796429
What are the prime factors of 223517